6
Calculate -708 + 744 + 20 + 0 + 16.
72
Calculate -23 + 65 - (10 - 2 - (-41 - -43)).
36
What is (-80 - -170) + -7 - 62?
21
(28 - (-3 - 17 - -36)) + -7
5
What is the value of (-2 + 13 - (15 + -60 + 46)) + -14?
-4
27 + 22 + -45 - (5 + -3 + -1 + 1)
2
96 + -61 - 41 - (-3 + -53)
50
(-54 - (-49 - 1)) + 39
35
Evaluate 39 + -50 + 52 + -3.
38
Calculate 0 + -54 + (-34 - -35 - -12) + 0 + -22.
-63
Calculate (12 - (-80 + 59 - (-16 - -2))) + -28.
-9
Evaluate -52 + 101 - (50 - 15).
14
Calculate 39 + (-16 - -15 - (6 - -14)).
18
What is (-94 - -120) + -23 - -49?
52
Calculate 22 + 10 + -176 + 132.
-12
What is the value of -1 + -35 + (357 - 348) + (0 - -5) + -8?
-30
What is the value of ((-14 - (3 - 5) - -8) + -3 - -5) + -8?
-10
51 + (-41 - (49 + -78)) + (11 - (3 - 2))
49
6 + 8 + -2 + -72 + 58
-2
What is the value of 63 + (6 - (8 + 15)) - 21?
25
-11 + -4 + (15 - 10) - (6 + 17 + 5)
-38
What is the value of -41 - (17 - (-40 - -39))?
-59
What is -46 + -26 + (-22 - -47)?
-47
What is (-19 + -18 + 15 - -31) + (5 - -2) - 86?
-70
Evaluate 147 - (18 + (-40 - -28) + (4 - 0) + -11).
148
What is the value of -11 + -59 - -6 - -9?
-55
What is the value of (22 - 66) + 0 - (-2 + (6 - 3))?
-45
Calculate (1 - (15 + -27 + 16)) + -15 + 7.
-11
What is the value of -63 - 1 - (13 - 17) - 13?
-73
Calculate -145 - -146 - (4 - (-20 + 7)).
-16
Evaluate 21 - (8 - ((-13 - -7) + -7 + 11)).
11
64 + (-15 - -31) + -42 - 160
-122
What is -10 + (46 - -1) + 1 + -23?
15
Evaluate -1 + -27 + -4 + 39 + -31 + -21.
-45
Evaluate -15 + (-28 - 9) - -10 - 6.
-48
Evaluate -1 + 50 + 903 + -925.
27
(341 - 353) + (6 - 1) + 46
39
What is the value of -48 + (3 + 15 - (-6 - -17))?
-41
What is (416 - 231 - 193) + (1 - (-35 + -2) - -2)?
32
What is the value of 200 + -5 + -1487 + 1419?
127
What is the value of -9 + 79 + (-20 - 11)?
39
Calculate -4 + (-4 - 2 - -20) - (49 + 0) - -3.
-36
What is 61 + 48 + 48 + -192?
-35
What is the value of (0 - 40) + 120 + -54 + -111?
-85
1 + -12 - (1 - (12 - -1) - -6)
-5
-352 + 349 - (3 + -48)
42
Calculate (4 - (-2 - ((33 - 14) + -15))) + -76.
-66
(1 - -5) + -41 + (1458 - 1488 - (3 + -1))
-67
Calculate (5 + -5 + 2 - (67 - 150)) + -4.
81
What is the value of 0 - 43 - (-1058 - -1091)?
-76
What is 10 + -42 + -62 + 23 + 18?
-53
Evaluate -22 - (-2 - (-22 + 20)) - -34.
12
Calculate (-24 - -8) + 0 - (0 + -19).
3
What is the value of -21 + (-5 - -15) + 21 + (-6 - 2)?
2
Calculate (-225 - -221) + -4 + -101.
-109
14 + (11 - (46 + 15)) + -5
-41
What is the value of 3 + -82 + 1 + (-987 - -986)?
-79
(-5 - -7) + (-11 - (7 + -37))
21
What is -296 + 305 - (-3 + -1 + 5 + 42)?
-34
Calculate 86 + -34 + -44 + (1 - -88).
97
Calculate 58 - (60 + 0) - (-3 + 3 + 4).
-6
Evaluate 10 + (-6 - -7 - -6) + -8 + -13.
-4
Evaluate -22 - (3 - 14) - (17 - 22).
-6
-11 + 27 + -30 + 5 + 25
16
What is -35 + (-147 - -81) + 45?
-56
What is the value of 23 + (3 - (-39 + 47))?
18
What is the value of (14 + (-64 - -31) - -10) + -6?
-15
(-11 - (12 - 5)) + 37 - -33
52
What is (-3 + 16 - (59 - 37) - -17) + 8?
16
-3 + (-419 - -405) + 0 + 37 + -3
17
Evaluate (-8 - -1 - (-82 - -83)) + 17 + 42 + 14.
65
What is 24 + (-45 - 4) + 60?
35
What is (-5 - -4 - (14 - -4)) + -4?
-23
Evaluate (-72 - -1) + -1 + (3 - -4) + -2 + -4.
-71
Calculate (-10 - 3) + 21 + 1 + 20.
29
Evaluate 55 + (3605 + -3588 - (1 - -18)).
53
What is the value of -46 + (43 - (27 - 3) - 17)?
-44
What is the value of -20 + 22 + (-1 - 8 - (-13 + 3))?
3
What is (79 - 15) + (-5 - -12) + 3 + 5?
79
Evaluate (-38 - -57) + -52 - -28.
-5
What is (253 - 251) + (-1 - -10) - 11 - -6?
6
Calculate -72 - -1 - (-142 + 309 - 189).
-49
What is 20 + 1 + -3144 + 3183?
60
What is -1 + 6 - 2 - (161 - (-12 - -202))?
32
Evaluate -14 - (-121 + -9 + 22) - (22 + -6).
78
What is the value of 0 + -2 - (2 + 24 + -34) - 52?
-46
What is the value of (-1 + 1 - 12) + (-93 - -1) + 193 - 10?
79
(-1 - -13) + (-12 - -6 - 2)
4
Evaluate (-12 - (-10 - 17)) + 56 + -62.
9
97 - (6 - -3) - 51
37
(-7 - (-8 - 19)) + (8 - 16) - 53
-41
Evaluate 20 - (-12 + (-4 + 10 - (8 - 21))).
13
What is (-115 - -2) + 322 + -268?
-59
What is the value of -27 + -59 + (30 - (-45 - -118))?
-129
22 + (-10 + 6 - 0) + -11 - 1
6
Evaluate 14 - (13 + 14 + -35 - -15).
7
What is -53 + (42 - (-54 - -32))?
11
Calculate 25 + -28 - (1 + 5 + -1 + -27).
19
-11 + (-37 - -18) + (9 - 0) + 92
71
Evaluate 20 + (-7 - -20) + -7 + -2.
24
Calculate -9 + (-19 - 13) + 22 - -50.
31
(0 - 4 - -16) + -49 + (-15 - -35) + 165
148
What is the value of (36 - -1) + (53 - 67) + 11?
34
Calculate -39 + 61 + 2 + 3 - (-15 + 7 + -2).
37
Calculate (-2 + 0 - -2) + (-97 - -283) + -111 - 7.
68
What is 13 - (-14 + -13 + (-88 + 8 + -15 - 2))?
137
13 + (7 + -15 + 15 - 22) + 1 + 7
6
What is (96 - 179 - -54) + (94 - 0)?
65
Calculate -10 + (2 - 0) - (-71 + -25 + 52 - -76).
-40
What is the value of -6 - (3 + -8 + 8 + 1) - (-5 + -2)?
-3
(3 - 0) + -3 + 41 + 4 + 7
52
What is the value of -211 + 99 + 161 - 81?
-32
Calculate -91 - (5 - 2 - -9) - (-22 - -4).
-85
What is (117 - 76) + -37 + (1 - 15) + -1?
-11
What is the value of (-2188 - -2176) + 32 + -3 + -3?
14
Evaluate (10 - ((22 - 7) + 8)) + (7 - -3) + 34.
31
Calculate 13 - ((736 - 702) + -76 + -1).
56
10531 + -10406 + 1 + -128
-2
What is the value of 94 + -137 + (-26 - 58)?
-127
Calculate (73 - 59) + 10 + -1 + 5.
28
Calculate -149 + (230 - 114) - (70 + -3).
-100
-2 + 21 - (-213 - -211 - (1 + 1 + -2))
21
Evaluate -171 + (138 - (126 + -118)).
-41
What is the value of 4 + (-4 - 2 - -19 - 18) + -8?
-9
(-120 + 31 - -36) + 57
4
-76 + 105 - (-43 - 0 - -13)
59
Calculate 18 - -2 - (85 - (-103 + 178)) - -2.
12
Evaluate -1 + -21 - (12 + -5) - (-28 + 40).
-41
-37 - ((-12 - (-13 + 5)) + 2)
-35
Evaluate (40 + -19 - 33) + (-7 - 38 - -9).
-48
What is (566 + -300 - 181) + (-1 - 0 - 15 - -1)?
70
(-1 + -16 - (-6 + 9)) + (-4 + 104 - 97)
-17
Calculate 15 + -42 + 32 - (-2 + 45).
-38
Calculate 1 + -7 + ((-10 - 5) + 31 - 4).
6
Evaluate 9 - (-72 - (-31 - -2 - -18)).
70
Evaluate 2 - 0 - (-14 + (-66 + 70 - (2 + 41))).
55
(-5 - (-1 - (-9 + 13))) + 7 - 29 - 2
-24
Calculate 81 - (-6 + 5) - (55 - 38).
65
What is (4 + 30 - 68) + -14?
-48
Calculate -76 + (45 - 30) + 78.
17
Evaluate -71 - (-201 - -85) - 34.
11
(-2 - -8) + (85 - 19) - (-136 + 144)
64
What is the value of (-63 - -8 - -44) + -40?
-51
Evaluate (9 - (-1 - 14 - -26)) + 28.
26
-6 + -5 + (41 + -1 - (103 - 95))
21
Evaluate -43 + (11 - -6) + -17.
-43
What is the value of (-95 - -42 - -19) + 12?
-22
-2 + 27 - ((-2 - -1) + (-208 - -203)) - 10
21
Calculate -107 + 122 + 119 + 7.
141
What is (50 + (26 - 64) - -6) + (-22 - -1)?
-3
Evaluate (3 - -125) + (-2327 - -2238).
39
What is -12 + 26 + -6 + -14 + 4 + -34?
-36
Calculate 1 + 5 - (4 - -12 - (36 - (-43 - -82))).
-13
What is the value of (49 - -7) + 159 + -209?
6
What is the value of -1 - -3 - (-60 - -63) - -7?
6
What is (10 - 2 - 12) + 9 + -9?
-4
Calculate -58 + 94 + 4 + 6.
46
Evaluate -2 - (-12 - -9 - 31) - (-103 - -121).
14
What is the value of 27 + (5 - 12) + -68?
-48
What is the value of -21 + (25 + -24 - -37) + -14?
3
Evaluate 21 + -42 + (62 - -25) + -9.
57
Calculate -7 + -7 + 13 - (35 - (-19 + 34)).
-21
What is the value of -223 + 199 - (13 - (-3 - 4))?
-44
Calculate 31 + -23 + 14 + 5 + -21 + 2.
8
What is -12 + 53 + 20 + (-18 - 4)?
39
What is the value of 86 + 82 + -158 + -4 + 0 + -8?
-2
Calculate 1 + 12 + -3 - (-2134 - -2138).
6
What is the value of (-91 - (-188 - -81)) + -12 + 1 - 39?
-34
4 - (-5 - -21) - (18 + 4 - (1 - -34))
1
What is the value of 9 + (-20 - -43 - 22 - (4 + 2 + 0))?
4
What is 116 + -2 + -29 + 3 + 19 + -3?
104
What is the value of -12 - (3 - 1) - (-32 + (32 - -3))?
-17
What is the value of 9 + (18 - 16) - 21 - 0?
-10
-60 - -73 - ((0 - -6) + (-8 - (11 + -19)))
7
Calculate (-79 + 14 - -5 - (1 + 4)) + 28 + -16.
-53
What is 5 + -6 + (-11 + 70 - 12) + -3?
43
-1 + 0 + 4 + -1 + 18 + -13 - 14
-7
What is the value of 2 + 127 + -90 - (1 - 10)?
48
What is -8 - -87 - (20 + (8 - 17) + 3)?
65
(-1 - (-9 - -5)) + -24 - 2
-23
What is the value of (76 - 194) + 87 + 101?
70
What is -7 - -10 - (1 - -2 - -54)?
-54
Evaluate -3 + 1 + 74 + -1 - (105 + (-18 - 80)).
64
What is (9 - 25 - -17) + (-3 - 5)?
-7
Evaluate 1 + -1 + (-174 - -239) - -39.
104
82 - -18 - (-139 + 190)
49
Calculate -20 - (-20 + 0) - 9 - -59.
50
What is the value of 59 + -83 + 29 + 12?
17
What is -105